75288. Let r = 18887 - x. Is r composite?
True
Let w = 460192 + -269171. Is w a composite number?
False
Let d be ((-27)/(-12))/(6/32). Suppose 115*o = 536060 + 317878 + 577352. Suppose d*l + 2738 = o. Is l prime?
True
Let t = 3900722 + -1162665. Is t prime?
False
Suppose 0 = -2*h - h + 33. Suppose h*z = -1879 - 5304. Let m = 1371 + z. Is m prime?
False
Let s(n) = -8*n**2 - 152*n + 11. Let b be s(-19). Suppose b*j - 211639 = -3*i + 15*j, 0 = 5*i + 3*j - 352780. Is i a composite number?
True
Let p(n) = 13*n**2 - 59*n - 12. Let z be p(18). Let d = 13589 - z. Is d a composite number?
True
Suppose -9*p = -7*p - 4. Suppose -p*u = w - 20262, w + 40540 = 4*u - w. Is u prime?
True
Let r be (2 - (2 - 66)) + (-29)/29. Suppose -r*h + 19222 = -63*h. Is h a composite number?
True
Suppose -74353 - 58001 = -6*f. Suppose 3*d - 5*q = 4169 + f, -5*d - q + 43704 = 0. Is d prime?
True
Suppose -2*f = 2, 9*h = 4*h + f + 21. Suppose -635 = -8*t + 7*t + h*s, -3*s + 1259 = 2*t. Is t a composite number?
False
Let w = 202 + -417. Let h = -66 - w. Is h a prime number?
True
Let a(m) be the second derivative of -31*m**6/240 - m**5/12 - m**4/3 + 10*m. Let z(d) be the third derivative of a(d). Is z(-7) composite?
False
Let f(z) = z**3 + 47*z**2 + 96*z - 361. Is f(-35) composite?
False
Let q = -1364 + 2391. Suppose 5*j + 4*b = q, -9*j + 12*j - 606 = b. Is j a prime number?
False
Let r(q) = -25*q - 16526. Let x be r(0). Is 135/(-54)*x/5 a prime number?
True
Let y be (0/(-1) + 9)*29/87. Suppose -3*c = -4*i - 3493, -y*c = i - 2617 - 871. Is c a composite number?
False
Let m be -2 + (2 - 1) + 4245. Let r = 12373 - m. Is r a composite number?
True
Let x = -38845 - -25066. Is x/(-6) + -4 - 2/(-4) a composite number?
False
Let m(t) = 72*t**2 + 2*t - 1. Let l be m(5). Suppose 0*y + l = 3*y. Suppose -3*z - y = -12*z. Is z prime?
True
Suppose -217485 = -9*k + 79326 - 90702. Is k prime?
True
Suppose 0 = -20*k + 17*k + 1752. Suppose -6*j = -k - 1030. Is j composite?
False
Let i(j) = j**3 + 6*j**2 + 7*j - 1. Let t be i(-4). Let x(h) = 1 + 4*h + 16*h**2 + 16*h**t - 15*h**3 - 9. Is x(-11) a composite number?
True
Let h = 163 - 136. Is (-8)/(-12) - (-85383)/h prime?
True
Let s = 8424 + -5998. Let c = s - 787. Is c a prime number?
False
Let j be 25/(-3 + 8) - 3. Suppose j*d = 1167 - 277. Let l = 936 - d. Is l a prime number?
True
Let b(i) = -4737*i - 343. Let t(h) = -4736*h - 343. Let w(a) = 2*b(a) - 3*t(a). Is w(7) a prime number?
False
Let f = 30 + -52. Let g = f - -20. Is (3912/(-36))/((-1)/((-3)/g)) a composite number?
False
Suppose 0 = 4*x + 66 - 66. Let k(u) = -3*u**2 + 2*u**2 - 8*u - 2 + x - 4. Is k(-4) prime?
False
Let q = -493 + 496. Suppose 18187 = 5*d + q*r - r, -5*r + 5 = 0. Is d composite?
False
Suppose 33*x = -1567168 + 10074007. Is x a prime number?
True
Let q(z) = -z**2 - 5*z - 4. Let w be q(-5). Let r be w*(1 + -3) - 3. Suppose j = -2*j + 5*a + 578, r*a + 769 = 4*j. Is j a composite number?
False
Let h = -88 + 101. Suppose 11*n + h*n = 269976. Is n a prime number?
False
Suppose 0 = o - g - 33, -12*o = -7*o - 3*g - 173. Suppose -46112 = -o*r + 5*r. Is r a composite number?
True
Suppose -8*s - 3145517 = -11*s - 2*d, -4*s = -d - 4194030. Is s composite?
False
Let z be 3 + 2 + -2 + 350. Let p = -4 + 11. Suppose -p*j = -2034 - z. Is j a composite number?
True
Suppose 25749137 + 10068778 = 19*u + 86*u. Is u a composite number?
False
Suppose 0 = -3*l - t, 5*l - 3*t = -t. Suppose -2*f = -4*i - 12, l = -f - 0*i + 4*i + 12. Suppose p + 0*p - 203 = f. Is p a prime number?
False
Suppose -h - 5*p + 2*p + 9 = 0, 2*h - 4*p = 38. Suppose 7*a - h*a = -13768. Is a prime?
True
Suppose b = -3*b + 8. Suppose -b*w - 3*u + 27118 = 0, -8*w - 2*u + 27114 = -6*w. Suppose 0*k - 3*k = -m - 10164, -m = -4*k + w. Is k composite?
False
Let l be 26/7 + -4 - 88/(-14). Suppose -12*y = -l*y - 12. Suppose 0 = -7*s + y*s + 1535. Is s a composite number?
False
Suppose 0 = -3*g - 15, -5*g - 21 = 3*d - 2*d. Suppose -d*a = -4*w + 4232, -w - 4*a + 6*a + 1055 = 0. Is w composite?
False
Suppose -69*z - 49096 = -107*z. Suppose -z*i = -1298*i + 69594. Is i a composite number?
True
Let p be 26 + (-3 - -4) + 0. Is ((-9)/(-12))/(p/252) prime?
True
Let j = -164067 - -332341. Is j composite?
True
Suppose 4*o + 161 = 2*q + q, o - 4*q + 24 = 0. Let w = o + 903. Is w a composite number?
False
Suppose -1246210 = -22*n + 426736. Suppose -268*r + n = -257*r. Is r prime?
False
Let x(y) = -y**3 - 15*y**2 - 63*y - 57. Let a be x(-28). Let o = a - 110. Is o a prime number?
True
Let s be (178 - -3 - (10 + -1))/2. Suppose 6*u - u = 825. Let l = s + u. Is l prime?
True
Let s(q) = 38*q**2 - 14*q + 36. Let k be s(10). Let j = 8843 - k. Is j prime?
True
Let j(l) = -l**3 - 5*l**2 - 7*l - 6. Let s be j(-4). Suppose -11*w = -s*w + 45. Is 4/22 + w/(-11) - -25 a prime number?
False
Let s = -53227 + 97080. Is s prime?
True
Suppose 4*s + 8 = -5*k + 25, -k - 4*s + 13 = 0. Is (436 - 64) + (-1 - 0/k) composite?
True
Let i be ((-6)/3)/((-2)/1946*1). Suppose -r + 545 + 162 = 0. Suppose i = 7*l - r. Is l prime?
True
Suppose -2*x + 365 = 3*x. Is (x - 72)/(0 - 2/(-12022)) a composite number?
False
Suppose -1238801 + 4249251 = 50*j. Is j a prime number?
True
Suppose 3*a - 4*a + 4*x + 54 = 0, 4*x + 116 = 2*a. Suppose 0 = -a*q + 23*q + 70161. Is q prime?
False
Suppose -4*x - 2*j = -7*x + 1367, j = -2*x + 916. Suppose -5*l + 5058 = -x. Is l prime?
True
Suppose -t = -2*s - 0*t + 83817, -s + 41896 = -3*t. Is s a prime number?
True
Suppose -4*f + 58 = 58. Suppose f = 20*k - 67069 - 62671. Is k prime?
False
Let w be (56/5)/(2*(-1)/10). Let o = -59 - w. Is 8 - (1 + -1 + o) composite?
False
Let m(u) = -15 - 1 + 3 - 212*u - 8. Is m(-10) a composite number?
False
Let i(n) = 16*n + 14. Let k(g) = g**2 + 3*g - 2. Let a be k(-2). Let s be a/18 + 329/63. Is i(s) prime?
False
Suppose 31*n - 4893998 - 595947 = 0. Suppose -18*r = -13*r - n. Is r prime?
True
Suppose 8 = 3*l - 5*b, 4*b - 7*b = -l. Let h(v) = 430*v + 1. Is h(l) a composite number?
True
Suppose -247*r = -9698152 + 5872215 - 7931016. Is r prime?
True
Suppose 0 = -29*f + 28*f + 671. Let t = 132 + f. Let w = -384 + t. Is w a prime number?
True
Let w(q) = -q**3 - 10*q**2 - 10*q - 3. Let k be w(-9). Let h be k + (-3 - -3)/1. Is 3/((-36)/(-4)) + 208/h a composite number?
True
Let l(q) = 2*q**2 + 9*q - 11. Let b be l(-5). Let w be (-36)/(-8)*16/b. Is 14712/(-16)*8/w composite?
False
Let l(n) = -15*n**2 - 141*n - 71. Let g(o) = 3*o**2 + 28*o + 14. Let w(j) = 11*g(j) + 2*l(j). Let r be w(-10). Is (1 + (-66)/(-8))*r a prime number?
False
Suppose -h = -2*h - 1, -4*g = -h - 1241. Suppose 0 = -p - 0*p + g. Suppose -2*x - 286 = -7*x - 3*a, -5*x + p = -5*a. Is x prime?
True
Let y(g) be the third derivative of -233*g**4/8 - 71*g**3/6 + g**2 - 2*g. Is y(-16) a composite number?
False
Suppose 0 = 3*i - 4*g + 35224, g + 11738 = -i - g. Is (i/50)/(2/(-5)) prime?
True
Let t be (-7 - -19)*(-1)/(-3)*4. Let k be (-3)/((-18)/(-76396)) - t/(-24). Is (k/24)/((-2)/4) a composite number?
False
Let w be 1 - (0 + 6/(-2)). Suppose 0 = w*d - 7755 + 1599. Suppose -2*v + d - 373 = 0. Is v a composite number?
True
Let n(q) = 206*q - 271*q - 4*q**3 + 36*q**2 + 9 + 5*q**3. Is n(-26) a prime number?
False
Let l = 40372 - -50707. Is l a composite number?
False
Suppose -5*m + 65*j - 69*j + 113381 = 0, -3*m = -4*j - 68035. Is m composite?
True
Let q(c) = c**3 - c**2 - 30*c - 14. Let o be q(-4). Let t(v) = -v**3 + 32*v**2 - 35*v + 17. Is t(o) a prime number?
True
Suppose -6*s = 14323 - 1537. Let m = s - -10038. Is m composite?
False
Let j(y) = -9058*y + 21. Suppose 2*u + 17 = 15. Is j(u) a composite number?
True
Suppose -4*r - 2 + 2 = 0. Suppose 2*o - 4*l + 12 = r, 5*o - 4*l + 18 = -0*l. Let y(w) = -148*w**3 + 4*w**2 + 6*w + 5. Is y(o) prime?
True
Suppose v = 2*y - 18987, -4*y + 8*y - 37959 = -v. Is y a prime number?
True
Let h = -56 + 61. Suppose 5*y = 3*q - 5928, -h*q = -3*y - 2051 - 1509. Let f = 2624 + y. Is f a prime number?
True
Let b = 3220 - 822. Let m = b - 1359. Is m a prime number?
True
Suppose 4*h - 8 = 0, 58*d + 4*h = 53*d + 186153. Is d composite?
True
Let r be (-19)/(-2) + 6/(-4). Is r + 14265 + -1 - (1 - 2) prime?
False
Let w(v) = -v**3 - 6*v**2 + 4*v + 3. Let y be w(-6). Let x be (-637)/y + 3/(-9). Suppose 0 = -5*n - x + 135. Is n a 